f(g) = -10*g. Let h(k) = -k. Let u(s) = 6*f(s) - 66*h(s). Let x be u(1). What are the prime factors of ((-2)/x)/((-4)/96)?
2
Let d be 14*-2 - (0 + 1). Let u = d - -20. What are the prime factors of 5*(u/(-15) + 1)?
2
Let h(r) = -r**2 + 18*r - 1. Let p(q) = -18*q**3 + q. Let i be p(-1). What are the prime factors of h(i)?
2
Let d(y) = -10*y + 7. Let j be d(-4). Suppose -f + j = 1. What are the prime factors of f?
2, 23
Suppose 0 = l + 94 - 96. What are the prime factors of 2 + 1/l + (-125)/(-10)?
3, 5
Suppose -5*i = 3*u + 12, -i + 5*u + 21 = 1. Suppose -s - 3*g + 52 = 0, -3*s + i*s = -2*g - 167. What are the prime factors of s?
5, 11
Let i = 18 + 341. What are the prime factors of i?
359
Let u be 9*(-12)/16*-12. Let t(k) = k**3 - 6*k**2 - 6*k + 4. Let x be t(5). Let p = x + u. List the prime factors of p.
2, 3, 5
Suppose 5*s + 85 = o + 3*s, 5*o + 2*s = 461. What are the prime factors of o?
7, 13
Let r be 4/6 - 598/(-3). Suppose 6*z - 4*z = r. What are the prime factors of z?
2, 5
Let l = 2469 + -1207. List the prime factors of l.
2, 631
Suppose p - 6*p - 55 = -5*w, -5*w - 3*p + 47 = 0. List the prime factors of 2 - ((-294)/(-35))/((-2)/w).
2, 11
Let m = 6 + 39. Suppose m + 165 = 10*v. List the prime factors of v.
3, 7
Suppose -2296 = -5*o - q, -2*o + q + 0*q = -924. Suppose 13*m = 8*m + o. What are the prime factors of m?
2, 23
Let u(d) = -d**2 + 6*d - 15. Let r be u(6). Let p = 30 + r. List the prime factors of p.
3, 5
Let n(u) = -u**3 - 4*u**2 + 6*u + 3. Let g be n(-4). What are the prime factors of 8*((-3)/6*2 - g)?
2, 5
Let m be ((-8)/12 - -1)/((-2)/(-24)). Suppose -p = -2*s - 177, -91 - 573 = -m*p - 3*s. What are the prime factors of p?
13
Let y be (1 + (-30)/5)*-1. Suppose -5*t = -5, 0 = -y*z + 2*t + 385 - 17. Suppose 3*v + z = 4*v. List the prime factors of v.
2, 37
Let f be (3 + -7)*(1 - 5)/(-2). Let c(r) = r**2 + 5*r + 16. List the prime factors of c(f).
2, 5
Let m = -97 + 103. Suppose u - 44 = -k, -3*u - k = -m*u + 144. List the prime factors of u.
47
Let g(w) = -6 + w - 2*w + 18. Suppose -5*l + 9*l = -36. List the prime factors of g(l).
3, 7
Let f = -2309 + 4051. What are the prime factors of f?
2, 13, 67
Suppose 4*y - 2*w = 16, 0 = -7*y + 3*y - 3*w + 6. Suppose 74 + 313 = y*o. What are the prime factors of o?
3, 43
Suppose 6*r - 13809 = r - f, 4*r - 2*f = 11036. What are the prime factors of r?
11, 251
Let k(q) = 26*q + 4. List the prime factors of k(11).
2, 5, 29
Suppose -10*k + 12093 = 19*k. List the prime factors of k.
3, 139
Let r be -8 - -7 - (-4 + 1). Suppose r*h = 3*h - 31. List the prime factors of h.
31
Let w(n) = 8*n + 6. Let m be w(3). List the prime factors of 348/m*(0 + 5).
2, 29
Let t(c) = 2*c**3 + 5*c**2 + 2*c - 6. Let w be t(4). Let p be w/(-20)*(-1 - 13). Suppose -8*z = -z - p. List the prime factors of z.
3, 7
Suppose -21*i = -22*i - 2. What are the prime factors of (1 + i + -7)/((-52)/598)?
2, 23
Suppose -4*t - 4 = 4*q, -5*q = -3*t - 2*q - 15. Let g be (1/t)/(2/(-12)). Suppose -f - 3*c = g*c + 12, -5*f + 80 = -3*c. What are the prime factors of f?
13
Let a(k) = -21*k**3 + 8*k**2 + 9*k + 14. What are the prime factors of a(-4)?
2, 5, 29
Suppose 4*l - l = -3. Let h be (l - 3)*(-18)/24. Suppose -h*k + 27 = 4*p, 2*k - 11 = -3*p + 7. List the prime factors of k.
3
Suppose 0 = 14*p - 9*p - 260. Let o = p + -18. What are the prime factors of o?
2, 17
Suppose 4*u = 8*u + 220. What are the prime factors of ((-13)/(-5) - 3)*u?
2, 11
Let q be (-1464)/14 - 24/56. Let c = q - -222. List the prime factors of c.
3, 13
Suppose f - 2*v = 199, -5*f + 1065 = -v + 5*v. What are the prime factors of f?
11, 19
Suppose 2*t - 465 - 75 = 0. Suppose 52*d - t = 50*d. List the prime factors of d.
3, 5
Let c(n) = -n**3 - 2*n**2. Let t be c(-4). Suppose 3*w - t = -26. What are the prime factors of (w - -53) + 6/(-3)?
53
Let d = 5 + 1. Let l(j) = d*j**2 - 5 - 2 + 0 + 4*j - 5*j**2. What are the prime factors of l(-8)?
5
Suppose -5*g - 12 + 52 = 2*w, 3*w = 0. Suppose -g = 4*h - 24. Suppose 17 = h*f - 3. What are the prime factors of f?
5
Suppose -563 = -6*r + 379. What are the prime factors of r?
157
Let x(h) = -h**2 + 13*h - 28. Let v be x(8). List the prime factors of 4/v*-14*24/(-1).
2, 7
Suppose -3*o + 4 = -4*x, 4*o = -0*o + 2*x - 8. Let s be -4*2/o + 0. Suppose -b - s*b + 63 = 0. List the prime factors of b.
3, 7
Suppose 0 = 16*y - 11*y - 1470. Let a = 13 + -5. Suppose a*c = c + y. What are the prime factors of c?
2, 3, 7
Let s(i) = -i**3 - 2*i**2 - 2*i. Let u be s(0). Suppose d + y - 131 = 14, 3*d - y - 415 = u. List the prime factors of d.
2, 5, 7
Let d(q) = 2*q - 10. Let n be d(6). Let l(j) = 16*j**3 - 3*j**2 + 4*j - 2. List the prime factors of l(n).
2, 61
Let t = 54 + -54. Suppose t = -2*r + 39 + 39. What are the prime factors of r?
3, 13
Let t be (-5)/(-2) + (-1)/(-2). Let h be -27*(1 - -1 - 6). Suppose -f + h = t*f. What are the prime factors of f?
3
Let a(p) = 445*p + 88. What are the prime factors of a(3)?
1423
List the prime factors of 14/(-28)*(0 - 3574).
1787
Suppose 2*d - 343 = -3*l, -d + 233 = -3*l + 84. What are the prime factors of d?
2, 41
Suppose 2*p - 3*c - 1627 = 0, -2*c - 3294 = -4*p - 4*c. List the prime factors of p.
821
Let m(u) = u - 11. Let i be 43/(-15) - (-4)/(-30). Let g(k) = k - 11. Let y(n) = i*m(n) + 2*g(n). What are the prime factors of y(-8)?
19
Let i be -30 - ((-1 - 3) + 2). Let n be (-2)/7 - 8/i. Suppose 5*a + 5*g - 65 = n, 0 = -2*a - 4*g + 17 + 17. What are the prime factors of a?
3
Let x(j) = -12*j**3 + 17*j**2 - 23*j + 1. Let f(i) = 5*i**3 - 8*i**2 + 11*i. Let t(p) = 5*f(p) + 2*x(p). What are the prime factors of t(6)?
2, 7
Let p = 8 + -13. Let w = p + 9. Let y(z) = 6*z - 6. What are the prime factors of y(w)?
2, 3
Let d(f) = 112*f**3 - 5*f**2 + f - 2. What are the prime factors of d(2)?
2, 3, 73
Let u(i) = -i**3 + 6*i**2 + 2*i - 4. Suppose 3*g - 5*q + q = 8, 0 = -q - 2. Suppose 0 = -3*c - 5*l + 13, g*l = 5*c - l - 31. List the prime factors of u(c).
2
Suppose -4*t + 41 = -3*v, v = 3*t + 4*v - 15. Suppose -8*l - t = -12*l. Suppose 0 = l*h + 7 - 37. List the prime factors of h.
3, 5
Suppose -1083 - 306 = -3*a. List the prime factors of a.
463
Suppose -2*x - 2 = -12. Suppose 55 = -0*g + x*g. Suppose -2*n = -5 - g. List the prime factors of n.
2
Suppose -3*l + 0 = -12. Suppose -l = -5*t + 6. Suppose c + 5*w - t - 61 = 0, -3*c + 149 = -5*w. What are the prime factors of c?
53
Suppose f - 8 = 5*m - 28, -8 = -2*m + 4*f. Suppose -3*q + 210 = q + 2*u, -m*q = -u - 195. What are the prime factors of q?
2, 5
Let y(n) = -8. Let c(m) = m - 33. Let q(l) = 4*c(l) - 18*y(l). What are the prime factors of q(5)?
2
Let h be 8/(-24) - 122/(-6). Let i be 92/h + (-3)/5. Suppose -12 = i*v - 208. List the prime factors of v.
7
Let z(b) = -4 - 205*b - 3 - 3. List the prime factors of z(-1).
3, 5, 13
Suppose -22 = -3*y - 2*m, 5*y + 2*m = -0*m + 30. Suppose 108 = 6*b - y*b. What are the prime factors of b?
2, 3
Suppose 5*g + 4*a + 14 = 0, -g - 2*a = -0*a + 4. List the prime factors of (4 - -11)/((2/(-15))/g).
3, 5
Let w = 41 + -69. Let a = w + 30. Suppose -a*f - 78 = -4*f. What are the prime factors of f?
3, 13
Suppose 9*z = -31*z + 138120. What are the prime factors of z?
3, 1151
Let d = 508 - -427. What are the prime factors of d?
5, 11, 17
List the prime factors of 5/1*1*(-458)/(-5).
2, 229
List the prime factors of (20/50)/(2794/(-2795) + 1).
2, 13, 43
Suppose -387 = 8*a - 3475. List the prime factors of a.
2, 193
Suppose -3*n = 11*n - 4228. List the prime factors of n.
2, 151
Suppose -14*u - 1337 = -25081. What are the prime factors of u?
2, 53
Suppose 823 = 2*m - 1585. List the prime factors of m.
2, 7, 43
Let y = 105 + -84. What are the prime factors of 6858/42 + (-6)/y?
163
Suppose -2*v - 15 = -h, 4*v = -2*h + 7*h - 93. Let s be (-4)/14 + (-435)/h. What are the prime factors of 6/s + (-570)/(-35)?
2
Suppose b - 4 = 2*o - 3*o, 0 = -o - 4*b + 19. Let f be o + -1 + (-2 - -41). Suppose f = 5*h - 38. What are the prime factors of h?
3, 5
Suppose t + 35 = 3*z, -z - 142 = 3*t - 57. Suppose -3*u = u + 3*x + 140, -5*x = 0. Let m = t - u. List the prime factors of m.
2, 3
Suppose 4*p - 8759 = 5*t - 1773, 0 = 4*t - 8. What are the prime factors of p?
3, 11, 53
Let p(c) = 147*c - 121. List the prime factors of p(6).
761
Suppose 